 -2*w**3 + 5*w**2 - 2*w + 1. Determine u(3).
-14
Let z(b) = -b**2 + 21*b + 24. Give z(23).
-22
Let p(z) = -z**3 + 5*z**2 + 2*z + 6. Give p(6).
-18
Let l(q) = -q**3 - 5*q**2 - 7*q - 5. Calculate l(-4).
7
Let r(d) = d**3 + 10*d**2 - 7*d + 4. What is r(-11)?
-40
Let o(m) = 101*m**2 - 2*m + 2. Calculate o(1).
101
Let j(o) = o**2 - 3. Determine j(3).
6
Let n(q) = 2*q - 25. Calculate n(13).
1
Let c(z) = 56*z + 177. Determine c(-3).
9
Let g(a) = -2*a**3 + 2*a**2 - 1. Determine g(-1).
3
Let d(j) = j**3 - 12*j**2 + 7*j - 6. Determine d(11).
-50
Let r(y) = 2*y**2 - 9*y + 26. Determine r(5).
31
Let v(z) = -z**3 - 4*z**2 - 2*z - 26. Calculate v(-5).
9
Let y(h) = 2*h**3 - 19*h**2 + 23*h - 10. Calculate y(8).
-18
Let o(v) = -2*v**3 + 21*v**2 - 6*v - 40. Determine o(10).
0
Let j(l) = -l**3 + 20*l**2 - l + 12. Give j(20).
-8
Let i(r) = 22*r**3 + 2*r**2 + r - 1. Calculate i(-1).
-22
Let p(n) = -n**2 - 6*n - 1. Give p(-6).
-1
Let z(u) = u**3 - 4*u**2 + 22*u - 135. Calculate z(5).
0
Let z(h) = h**3 - 6*h**2 - 14*h - 2. Determine z(6).
-86
Let h(m) = -2*m - 13. Calculate h(-9).
5
Let s(m) = -3*m**2 - 29*m - 2. Determine s(-7).
54
Let o(a) = -3*a - 37. Give o(-19).
20
Let r(h) = h**3 - h**2 + 5*h - 4. What is r(2)?
10
Let u(s) = -s**2 - 3*s - 5. Give u(0).
-5
Let a(h) = -h**2 + 6*h - 2. What is a(6)?
-2
Let r(b) = -b**3 - 31*b**2 + 34*b + 49. What is r(-32)?
-15
Let d(a) = a**2 + 11*a + 5. What is d(-4)?
-23
Let g(d) = d**2 + 1. Give g(2).
5
Let p(j) = -j**2 + j + 2. Give p(3).
-4
Let p(l) = -l - 6. Calculate p(4).
-10
Let u(z) = -2*z**2 + 8*z + 2. What is u(6)?
-22
Let v(r) = -4*r + 31. Give v(14).
-25
Let n(j) = 30*j + 4. Determine n(1).
34
Let i(f) = f**2 - 3*f + 3. Determine i(3).
3
Let x(z) = z + 4. What is x(-5)?
-1
Let j(l) = l**2 + 6*l + 10. Determine j(-5).
5
Let q(h) = h**3 - 6*h**2 + 7*h - 7. Determine q(5).
3
Let l(n) = -9*n**2 + 2*n + 4. What is l(-1)?
-7
Let v(o) = -5*o + 17. Give v(9).
-28
Let j(p) = 5*p - 3. Calculate j(-5).
-28
Let j(c) = -c**2 - 16*c + 4. Give j(-17).
-13
Let d(h) = -3*h - 19. Give d(-5).
-4
Let o(r) = r**3 + 13*r**2 + 14*r + 17. What is o(-12)?
-7
Let h(a) = 2*a**2 - a - 1. Calculate h(-3).
20
Let d(o) = -o**2 - 23*o - 82. Determine d(-5).
8
Let t(h) = h - 11. What is t(9)?
-2
Let c(s) = s**2 + s - 5. What is c(-5)?
15
Let j(n) = -n - 36. What is j(22)?
-58
Let n(p) = -p**3 + p**2 - 5*p + 27. Give n(3).
-6
Let s(v) = -15*v - 147. What is s(-10)?
3
Let l(f) = -15*f - 372. Give l(-25).
3
Let k(t) = 5*t**2 + 4*t + 4. Calculate k(-1).
5
Let k(g) = -3*g**3 - g - 2. What is k(-1)?
2
Let a(u) = -u**2 - 8*u - 9. Determine a(-6).
3
Let c(g) = 4*g**2 - 22*g - 2. Calculate c(8).
78
Let x(g) = 10*g - 272. Calculate x(28).
8
Let h(b) = 5*b + 10. Give h(-2).
0
Let i(k) = k**3 + 57*k**2 - 55*k + 194. What is i(-58)?
20
Let k(n) = n**2 - n - 2. What is k(-3)?
10
Let w(n) = 94*n + 469. Calculate w(-5).
-1
Let t(f) = -f**3 - 8*f**2 - f + 32. Determine t(-7).
-10
Let b(w) = 5*w**2 + 2*w - 9. What is b(3)?
42
Let l(t) = -4*t + 2. What is l(7)?
-26
Let g(f) = -3*f + 4. Give g(4).
-8
Let x(p) = p**2 + 16*p + 1. Calculate x(-16).
1
Let n(s) = -11*s - 6. What is n(-1)?
5
Let o(h) = h**3 + 7*h**2 + 4*h + 16. Give o(-6).
28
Let i(h) = 474*h - 2848. Determine i(6).
-4
Let o(y) = y**3 + 6*y**2 - 10*y. Calculate o(-7).
21
Let y(z) = -5*z + 1. Calculate y(3).
-14
Let u(c) = -72*c + 135. Give u(2).
-9
Let k(c) = -5*c + 11. Give k(8).
-29
Let i(t) = 2*t - 5. Calculate i(-11).
-27
Let h(u) = -u**2 + 9*u - 7. Calculate h(11).
-29
Let l(j) = -3*j**3 - 4*j**2 + 3. Calculate l(-3).
48
Let t(r) = 2*r**3 - 55*r**2 + 28*r - 28. Determine t(27).
-1
Let m(q) = q**2 + 4*q + 4. Give m(-4).
4
Let g(y) = -y**3 - 10*y**2 - 3*y - 9. Calculate g(-9).
-63
Let i(v) = 10*v**2 + v. Calculate i(1).
11
Let d(l) = -9*l**3 - l + 1. What is d(1)?
-9
Let b(g) = -g**2 - 11*g + 123. What is b(7)?
-3
Let p(m) = 4*m**3 + m**2 + 6*m + 8. Determine p(-2).
-32
Let p(l) = -l**2 + 7*l + 10. Give p(6).
16
Let k(b) = -b**3 + 9*b**2 + b + 6. Give k(9).
15
Let c(h) = -h + 85. Give c(22).
63
Let b(q) = -q**3 - 10*q**2 + 7*q - 26. Give b(-11).
18
Let j(s) = -4*s**2 + 68*s + 6. Calculate j(17).
6
Let k(g) = 13*g + 19. Calculate k(6).
97
Let w(o) = -5*o**2 + 43*o + 4. What is w(9)?
-14
Let j(h) = h**3 + 18*h**2 + h + 35. Give j(-18).
17
Let w(b) = -74*b - 4. Determine w(-1).
70
Let x(k) = -2*k + 2. Give x(-7).
16
Let o(z) = 4*z**3 + 2*z**2 + z. Determine o(-2).
-26
Let a(u) = -u**3 + 9*u - 3. Determine a(-4).
25
Let p(b) = -b**2 + 20*b - 34. Give p(0).
-34
Let j(k) = -2*k + 19. What is j(12)?
-5
Let h(l) = -37*l + 9. What is h(2)?
-65
Let c(j) = -j**2 + 5*j - 14. Give c(3).
-8
Let v(h) = h**3 - 8*h**2 + 3*h + 2. Give v(8).
26
Let w(l) = 45*l**3 - 2*l**2 - 2*l - 1. Calculate w(-1).
-46
Let l(y) = -y**3 - 9*y**2 + 4*y - 9. Determine l(-8).
-105
Let z(g) = -128*g + 245. Give z(2).
-11
Let f(n) = n**3 - n**2 - 2*n - 2. Give f(-2).
-10
Let v(k) = -k**3 - 9*k**2 - 2*k - 11. What is v(-9)?
7
Let h(o) = -o**2 - 18*o - 11. Give h(-16).
21
Let g(j) = -j**3 + 8*j**2 - 1. What is g(8)?
-1
Let v(b) = 2*b**2 - 17*b + 6. Determine v(10).
36
Let h(p) = 60*p**2 + p. Calculate h(1).
61
Let b(v) = -10*v - 6. Determine b(-6).
54
Let t(x) = -x**2 - 25*x - 24. Give t(-25).
-24
Let k(j) = -246*j**2 - 4*j + 4. What is k(1)?
-246
Let w(r) = r**2 - r - 82. Determine w(0).
-82
Let k(a) = -a**3 - 2*a**2 + 3*a + 6. Calculate k(-2).
0
Let j(t) = -t**3 - 12*t**2 - 11*t. Determine j(-11).
0
Let z(r) = -r**2 - 17*r - 66. Give z(-7).
4
Let u(k) = -k**3 - k**2 + 2*k - 1. Calculate u(2).
-9
Let n(t) = t**2 - 25*t + 13. Determine n(20).
-87
Let n(t) = 41*t - 1. Determine n(-1).
-42
Let b(a) = -3*a. Determine b(-18).
54
Let t(g) = -2*g + 22. Determine t(17).
-12
Let j(t) = 7*t + 54. Give j(-12).
-30
Let g(r) = 7*r**2 + 4*r + 1. Give g(-1).
4
Let t(v) = -4*v**2 + 91*v - 53. Determine t(22).
13
Let b(x) = x**3 + 10*x**2 - 6*x - 21. Determine b(-10).
39
Let l(a) = -7*a + 21. What is l(4)?
-7
Let c(i) = i**3 + 4*i**2 - 6. Calculate c(3).
57
Let q(v) = -v**2 + 2*v + 1. What is q(3)?
-2
Let l(m) = m + 50. Calculate l(-24).
26
Let k(x) = -3*x - 58. Calculate k(-15).
-13
Let j(c) = -c**2 - 4*c + 26. Determine j(-8).
-6
Let i(a) = -2*a - 10. Give i(-2).
-6
Let b(s) = s**2 + 4*s + 1. Determine b(4).
33
Let d(b) = b**3 + 4*b**2 - 3*b - 3. What is d(-2)?
11
Let o(d) = -5*d + 14. What is o(4)?
-6
Let s(m) = m**2 + 6*m - 6. What is s(-7)?
1
Let u(p) = -4*p + 7. What is u(2)?
-1
Let i(v) = v**2 + 7*v + 1. Determine i(-6).
-5
Let q(f) = 2*f**3 - f**2 + 3*f - 2. Calculate q(2).
16
Let g(v) = -v**2 + 36*v + 161. Calculate g(40).
1
Let h(w) = 3*w**2 + 1. Give h(2).
13
Let k(l) = -l**3 - 7*l**2 - 4*l - 9. Determine k(-6).
-21
Let k(z) = z**3 - 5*z**2 + z - 6. Calculate k(5).
-1
Let q(t) = t**3 + 16*t**2 - 19*t + 10. Determine q(-17).
44
Let p(o) = o**3 + 3*o**2 + o + 3. Determine p(-4).
-17
Let k(n) = -n**2 + 2*n + 18. Calculate k(9).
-45
Let t(s) = -4*s + 63. Calculate t(19).
-13
Let y(j) = -3*j**3 - 37*j**2 + 27*j + 11. Determine y(-13).
-2
Let g(y) = 2*y**2 - y + 7. Determine g(5).
52
Let u(a) = -112*a + 1796. Give u(16).
4
Let r(f) = -f**2 + 8. What is r(-5)?
-17
Let p(d) = 40*d + 681. Give p(-17).
1
Let g(t) = -36*t - 151. Give g(-4).
-7
Let h(s) = -2*s**3 - s**2 + 4*s + 5. Give h(3).
-46
Let w(m) = m**2 - 50*m - 165. Determine w(53).
-6
Let v(l) = l**3 - 8*l**2 + 7*l + 4. What is v(7)?
4
Let o(k) = -k - 21. What is o(-16)?
-5
Let z(y) = 18*y + 16. Calculate z(-5).
-74
Let r(q) = 2*q**3 + 14*q**2 - q + 17. Give r(-7).
24
Let n(l) = -l - 10. What is n(-3)?
-7
Let k(f) = -7*f - 86. Calculate k(-11).
-9
Let t(q) = q**3 - 31*q**2 + 25*q + 152. Calculate t(30).
2
Let z(x) = 6*x**3 - 6*x**2 + 4*x + 6. Calculate z(2).
38
Let q(h) = -4*h + 48. Determine q(3).
36
Let q(z) = z - 1. Calculate q(5).
4
Let m(b) = 12*b**3 + 2*b**2 + 2*b - 2. Give m(-2).
-94
Let p(a) = -9*a + 8. Calculate p(3).
-19
Let b(u) = u**3 + 2*u - 14. Calculate b(0).
-14
Let n(r) = -10*r**2 + 2*r - 1. Determine n(0).
-1
Let p(i) = i**2 + 14*i - 9. Give p(-15).
6
Let m(a) = -32*a + 11. Give m(2).
-53
Let m(t) = 22*t - 38. What is m(2)?
6
Let y(m) = m**3 + 22*m**2 - 4*m + 20. Give y(-22).
108
Let w(f) = 21*f - 771. What is w(37)?
6
Let q(w) = 3*w**2 + 3*w + 3. Calculate q(-2).
9
Let y(m) = 8*